-512*w - 1094. Determine s(-2).
-70
Let y(u) = -131*u**2 + 4375*u + 2692. Calculate y(34).
6
Let q(z) = -588*z - 27158. Give q(-48).
1066
Let o(u) = u**2 + 26*u + 57. Determine o(-18).
-87
Let d(a) = -a**3 - 55*a**2 - 214*a - 16065. What is d(-56)?
-945
Let v(d) = -8853*d + 1115473. Give v(126).
-5
Let g(d) = d**2 + 839*d + 152695. Give g(-267).
-29
Let z(p) = 4*p**2 - 52*p + 366. Give z(21).
1038
Let p(v) = -10*v**2 - 101*v - 987. Calculate p(-16).
-1931
Let i(u) = -u**3 - 294*u**2 - 21564*u - 747. What is i(-154)?
-131
Let c(h) = 35360*h + 70775. Determine c(-2).
55
Let r(i) = -882*i - 127543. Determine r(-145).
347
Let h(q) = 9537*q + 534022. What is h(-56)?
-50
Let y(k) = 2287*k - 82342. What is y(36)?
-10
Let v(g) = -37*g**2 - 128*g - 42. Determine v(-3).
9
Let f(s) = 4913*s**3 - 54044*s**2 + 7*s + 46. Determine f(11).
2
Let g(j) = -15803*j - 1785710. Calculate g(-113).
29
Let v(q) = -q**2 - 5481*q + 16460. Calculate v(3).
8
Let v(m) = -63*m**2 + 1642*m - 6688. What is v(21)?
11
Let z(p) = 34707*p - 138822. Calculate z(4).
6
Let i(a) = -38998*a + 195515. What is i(5)?
525
Let l(b) = -b**3 - 43*b**2 + 2*b - 1044. What is l(-44)?
804
Let u(y) = -2*y**3 + 75*y**2 + 4*y + 212. Determine u(0).
212
Let n(r) = 371*r - 2857. Calculate n(3).
-1744
Let d(z) = 99*z - 10419. What is d(103)?
-222
Let g(u) = u**3 - 72*u**2 - 637*u + 13. Give g(-8).
-11
Let h(f) = -2714*f - 70936. Give h(-26).
-372
Let c(a) = 2543*a + 12583. Determine c(-5).
-132
Let a(s) = 8*s**2 + 24895*s + 273665. Calculate a(-11).
788
Let p(v) = 4*v**2 - 62*v + 850. Determine p(19).
1116
Let t(v) = 5*v**2 - 465*v + 125. Calculate t(91).
-785
Let m(t) = -1107*t - 2122. Calculate m(-4).
2306
Let r(n) = 20*n**2 - 232*n - 847. Calculate r(-3).
29
Let h(l) = -291*l**3 - 7*l**2 - 79*l + 167. What is h(2)?
-2347
Let v(p) = -p**2 + 13450*p + 148084. Determine v(-11).
13
Let l(g) = 55*g**2 - 1473*g + 5815. Calculate l(22).
29
Let w(l) = 10*l**3 + 60*l**2 + 15*l - 287. What is w(-5)?
-112
Let n(u) = 11*u**2 + 115*u + 176. Calculate n(-9).
32
Let c(i) = -739*i - 314821. Give c(-426).
-7
Let f(u) = u**3 - 252*u**2 + 467*u + 8332. Determine f(250).
82
Let q(a) = -8*a**2 + 203*a + 2363. Determine q(-11).
-838
Let w(a) = -5*a**2 - 650*a + 10068. What is w(14)?
-12
Let q(r) = -3*r**3 - r**2 + 333*r + 2. Calculate q(0).
2
Let j(f) = -15*f**3 + 6512*f**2 - 866*f - 882. Determine j(434).
-14
Let w(s) = -s**2 - 61*s - 574. Give w(-56).
-294
Let x(l) = 830*l**2 + 590131*l + 651. Determine x(-711).
-60
Let m(o) = 4*o**2 - 204*o - 847. Calculate m(54).
-199
Let n(o) = -1040*o - 4231. Calculate n(-3).
-1111
Let g(o) = -5197*o - 2208767. Determine g(-425).
-42
Let a(m) = -2289*m - 80257. Determine a(-35).
-142
Let h(l) = -5*l**3 + 236*l**2 - 23*l + 584. What is h(47)?
1712
Let h(a) = a**2 + 3390*a - 199985. Give h(58).
-1
Let r(d) = 66*d**2 - 1310*d - 183. Determine r(20).
17
Let p(g) = 22*g**3 - 28491*g**2 - 84366*g - 5189. What is p(1298)?
3
Let a(j) = -678*j - 103794. Calculate a(-153).
-60
Let a(k) = 1225*k - 6224. Determine a(5).
-99
Let s(w) = 1522*w + 59341. Calculate s(-39).
-17
Let z(h) = h**3 + 33*h**2 - 137*h - 520. Give z(-36).
524
Let r(l) = -6*l**3 + 60*l**2 + 114*l + 8. Give r(10).
1148
Let u(v) = 40*v**2 - 1503*v + 12781. Give u(13).
2
Let s(l) = -l**3 + 87*l**2 - 329*l - 526. What is s(83)?
-277
Let g(o) = -8*o**2 - 8262*o - 24779. What is g(-3)?
-65
Let t(q) = -790833*q - 1581685. Determine t(-2).
-19
Let r(f) = f**2 - 191*f + 4191. Calculate r(164).
-237
Let g(u) = -19*u**2 + 1227*u - 1204. Give g(1).
4
Let v(y) = y**3 + 412*y**2 + 31193*y - 2048. Determine v(-312).
136
Let b(d) = -d**2 + 123242*d + 6411268. What is b(-52)?
-20
Let c(t) = t**2 + 277*t - 12237. Give c(-303).
-4359
Let c(r) = 18*r**2 - 6990*r - 20959. What is c(-3)?
173
Let q(l) = 470*l**3 + 17*l**2 + 68*l - 84. Give q(1).
471
Let v(c) = -20194*c - 666411. What is v(-33)?
-9
Let v(h) = h**3 - 3*h**2 + 37624*h - 112865. What is v(3)?
7
Let o(b) = 8*b**2 - 107*b + 191. Determine o(16).
527
Let q(g) = 3*g**2 - 22301*g + 2783842. Calculate q(127).
2
Let r(u) = 2*u**3 + 63*u**2 + 473*u - 80. Calculate r(-18).
154
Let m(j) = 3*j**2 - 3702*j + 104810. What is m(1205)?
-25
Let d(p) = 2317*p**3 - 181*p**2 - 8*p - 7. Give d(-1).
-2497
Let w(p) = -6*p**2 - 1118*p - 10522. Calculate w(-10).
58
Let f(a) = -a**2 - 566*a - 72696. What is f(-197)?
-3
Let q(j) = 3*j**2 + 11600*j + 617643. Give q(-54).
-9
Let b(i) = i**2 + 477*i + 33232. Determine b(-83).
530
Let o(n) = 189560*n + 190086. Determine o(-1).
526
Let p(o) = -363*o - 22684. Give p(-65).
911
Let u(r) = 13*r**3 - 358*r**2 + 1595*r + 44. What is u(22)?
286
Let j(y) = -35*y**2 - 302*y - 587. Give j(-14).
-3219
Let p(a) = -632737*a - 6327368. What is p(-10)?
2
Let d(z) = 2*z**3 - 47*z**2 + 4*z + 8. Determine d(0).
8
Let v(u) = 7922*u + 2368677. What is v(-299)?
-1
Let u(d) = 104*d**2 - 14540*d + 25944. Give u(138).
0
Let k(v) = -v**3 - 74*v**2 - 211*v - 157. Calculate k(-71).
-299
Let x(l) = -13733*l + 164781. Calculate x(12).
-15
Let o(p) = -547*p - 3792. What is o(-7)?
37
Let o(x) = x**3 - 21*x**2 - 27*x + 71. Give o(22).
-39
Let c(b) = 5101*b + 127486. What is c(-25)?
-39
Let i(l) = 1693*l - 49629. Give i(29).
-532
Let t(h) = 5*h**3 + 77*h**2 - 115*h - 89. What is t(-17)?
-446
Let l(w) = 282*w**2 - 38633*w - 181. Calculate l(137).
-44
Let t(p) = -9552*p**2 + 57296*p + 107. Give t(6).
11
Let l(s) = -284*s - 843. Give l(-6).
861
Let p(n) = -231*n - 2246. What is p(-10)?
64
Let z(f) = 2244*f - 213169. Give z(95).
11
Let s(w) = 423*w**3 + 3*w**2 - 28*w + 27. What is s(2)?
3367
Let r(m) = -4829*m + 130385. Give r(27).
2
Let y(d) = -59*d**2 + 595*d - 61. What is y(10)?
-11
Let l(k) = -7*k**2 + 719*k + 192607. Determine l(225).
7
Let a(c) = 1553*c + 520277. Determine a(-335).
22
Let f(c) = -26485*c + 1668517. Determine f(63).
-38
Let c(m) = -m**3 + 27*m**2 + 92*m - 966. Calculate c(29).
20
Let q(a) = 34907*a + 2129321. Calculate q(-61).
-6
Let n(a) = -838*a + 6519. What is n(11)?
-2699
Let g(n) = 50*n + 8682. Give g(-174).
-18
Let u(q) = q**3 - 75*q**2 - 254*q + 507. Determine u(78).
-1053
Let v(t) = -t**3 + 26*t**2 - 74*t + 1673. Give v(23).
1558
Let q(v) = v**3 + 1387868*v - 1387869. Determine q(1).
0
Let r(g) = 2*g**2 + 63*g - 1132. Calculate r(-59).
2113
Let r(z) = 645*z**2 - 25160*z + 220. Give r(39).
25
Let n(g) = g**3 + 369*g**2 - 2248*g + 727. Calculate n(-375).
-23
Let g(f) = 57*f + 523. Calculate g(0).
523
Let x(k) = 2*k**3 + 1144*k**2 + 13524*k + 47041. What is x(-560)?
1
Let b(d) = 39*d**3 + 226*d**2 - 47*d - 157. What is b(-6)?
-163
Let z(i) = -3*i**2 + 8819*i - 1342102. Give z(161).
-6
Let c(m) = -17*m - 547. Calculate c(-32).
-3
Let d(v) = -2*v**3 + 25*v**2 - 738*v + 9763. Determine d(13).
0
Let c(n) = -n**2 - 73*n + 13476. Give c(85).
46
Let z(t) = -19818*t + 297263. What is z(15)?
-7
Let v(n) = 1248*n + 964. What is v(-1)?
-284
Let w(o) = 43355*o - 2731365. Determine w(63).
0
Let z(q) = -q**3 - 21*q**2 + 101*q - 8. What is z(0)?
-8
Let d(c) = 616*c + 2466. Calculate d(-4).
2
Let x(m) = 1379*m**2 - 459207*m - 19. What is x(333)?
-19
Let g(t) = -23862*t - 214747. Calculate g(-9).
11
Let x(z) = -13761*z + 6412678. Determine x(466).
52
Let p(v) = -2*v**3 - 32*v**2 - 115*v + 28. What is p(0)?
28
Let i(k) = 294*k**2 + 2919*k - 122. Calculate i(-10).
88
Let k(z) = -5*z**2 - 333*z - 1268. What is k(-4)?
-16
Let d(p) = 19901*p - 59161. Determine d(3).
542
Let x(g) = -45*g**2 + 1043*g - 5164. What is x(16)?
4
Let r(u) = 109*u + 17525. Calculate r(-162).
-133
Let i(f) = 6*f**2 - 48*f - 1220. Give i(-11).
34
Let h(q) = -262*q - 24255. What is h(-93)?
111
Let b(s) = s**2 - 267*s + 6045. Give b(26).
-221
Let p(u) = 479*u - 21472. Calculate p(45).
83
Let y(w) = w**3 - 83*w**2 - 423*w - 1076. Calculate y(88).
420
Let b(x) = 2*x**2 - 103*x - 2972. Give b(69).
-557
Let r(l) = l**3 - 80*l**2 + 337*l + 4502. Determine r(11).
-140
Let a(l) = -131467*l + 4864280. Give a(37).
1
Let s(p) = p**3 + 150*p**2 + 5581*p + 1724. What is s(-83)?
64
Let x(s) = -590120*s + 2360493. Determine x(4).
13
Let f(g) = 758175*g + 758132. Calculate f(-1).
-43
Let y(u) = 2575*u + 471293. What is y(-183)?
68
Let l(p) = -p**3 - 14*p**2 - 10*p + 149. Give l(-5).
-26
Let s(n) = n**3 - 9*n**2 + 3408*n - 16927. Calc